2472 - -2794. What is the remainder when r is divided by 4?
2
Let h = 185 - 183. Calculate the remainder when 113 is divided by (-1)/h + 82/4 - -3.
21
Suppose -4*j = 5*l - 108, -4*j + 145 - 37 = -4*l. Suppose -28*d + 17 = -j*d. What is the remainder when 98 is divided by d?
13
Let m(k) = -11*k - 1. Let a be m(-1). Let n = 347 - 7. What is the remainder when (3 - 2)/(a/n) is divided by 5?
4
Suppose 351*r - 1449 - 306 = 0. Suppose 0 = 3*p - 4*h - 122, 3*h = 3*p + 2*h - 116. What is the remainder when p is divided by r?
3
Let s be (24/35 + 4/(-14))*125. Suppose s - 15 = f. Calculate the remainder when f is divided by (-4 - (-13 + 4)) + 8 + 1.
7
Suppose 120 = 2*w + 44. Let f = -34 + w. Suppose -2*x = -f*z + 230, z - 29 = -2*x + 26. Calculate the remainder when z is divided by 12.
9
Let w = 3 + 30. Suppose 27*c + 72 = w*c. Suppose -k + 13 + 93 = 0. Calculate the remainder when k is divided by c.
10
Suppose -c - 2 = -p, -5*c + 2*p + 4 = 2. Suppose g - c*j = 126, 5*g - 5*j = 47 + 563. Calculate the remainder when g is divided by 11.
8
Suppose 31799 = 347*y + 47*y - 7207. What is the remainder when 227 is divided by y?
29
Let f(s) = s + 48. Let l be f(-24). Suppose c - 6*c - 65 = -5*t, -3*c = -2*t + l. Calculate the remainder when 37 is divided by t.
7
Let c(y) be the first derivative of y**4/4 + 4*y**3 + 13*y**2/2 + 10*y - 2. Calculate the remainder when c(-10) is divided by -15*49/(-21) - -6.
39
Let i(r) = -29*r + 1706. Let h be i(59). Let t(o) = o**2 - 5. Let n be t(5). Let w = n - h. Calculate the remainder when w is divided by 7.
4
Let r(m) = -2*m**2 - 9*m + 1. Let t be r(6). Let d be (6/5)/((-25)/t). Let f(v) = v**2 + 6*v - 14. Calculate the remainder when f(d) is divided by 22.
14
Suppose 72*c - 79*c = -770. Let h(k) = -5*k - 43. What is the remainder when c is divided by h(-10)?
5
Suppose -109*b + 105*b + 2058 = 418. Calculate the remainder when b is divided by 8.
2
What is the remainder when 187 is divided by ((-216)/(-6))/(-9) + 100/1?
91
Suppose -k + 83 = -0*o - o, 4 = 2*o. Suppose -238*v + 2097 = -235*v. Let c = 729 - v. What is the remainder when k is divided by c?
25
Let i = -156 + 165. Suppose -i*z - 40 = -202. What is the remainder when z is divided by 8?
2
Let k(o) = -2*o**3 + 3*o**2 - 7*o + 6. Let j be k(-4). Suppose j = 6*p - p. Calculate the remainder when (p/8)/(2/24) is divided by 17.
12
Calculate the remainder when 833 is divided by ((-5380)/(-50))/(16/(-12)*(-15)/50).
26
Let h(o) = -o**3 + 3*o**2 + 4*o - 6. Let c be h(4). Let n(u) = 8*u + 537. Let d be n(-75). What is the remainder when 184 is divided by d/(-42)*(-124)/c?
29
Let k = 3648 - 3206. What is the remainder when k is divided by 85?
17
Let a be -343*(-2)/4 + (-3)/6. Let i = a + -163. Calculate the remainder when 19 is divided by i.
3
Suppose 0 = 3*a - 4*l - 385, 5*a + 4*l = 713 - 114. Let j(z) = -116*z - 787. What is the remainder when a is divided by j(-7)?
23
Let j(q) = -34 + 80 - 333*q + 321*q + 31. What is the remainder when j(-5) is divided by 10?
7
Suppose 85 = 349*i - 348*i + 2*f, 2*f + 6 = 0. Suppose -4*g + 1050 = -g. What is the remainder when g is divided by i?
77
What is the remainder when 91*(-16)/392*-273 is divided by 38?
26
Let a(n) = 1006*n + 1703. What is the remainder when a(9) is divided by 10?
7
Let l = 11 - 11. Suppose -4*u + 27 + 13 = l. Let w(s) = 2*s - 38. Calculate the remainder when w(27) is divided by u.
6
Let v(h) = h**2 - h. Let x be ((-17)/(-34))/(1/(-10)). Calculate the remainder when 53 is divided by v(x).
23
Let y(p) = -p**3 + 11*p**2 + 9*p + 40. Let f be y(12). Suppose f*c = 2*n - 62, -4*c - 41 = 3*n - 4*n. What is the remainder when 97 is divided by n?
13
Suppose -3*p + 4*o = -272, -69*p - 2*o = -67*p - 158. Calculate the remainder when p is divided by 40/15 - 2/(-6).
0
Suppose -35 + 19 = -f. Suppose 13*a - f*a + 279 = 0. Let t = 112 - a. What is the remainder when 35 is divided by t?
16
Let h(x) = x + 2*x - 147*x**3 - 37 - 12*x**2 + 146*x**3. Calculate the remainder when h(-14) is divided by 45.
43
Let z = -1008 - -1454. What is the remainder when 450 is divided by z?
4
Suppose -71*i - 21 = -76*i + f, -9 = -2*i + f. Calculate the remainder when 653 is divided by i.
1
Suppose -3*b - 5*c + 98 - 51 = 0, 2*c = -5*b + 91. What is the remainder when (2/3)/((-30)/(-3105)) is divided by b?
12
Let d(y) = 9*y + 102. Let p be d(10). Let f = -187 + p. What is the remainder when 30 is divided by f?
0
Let p = 537 + -486. Suppose -55*z + 216 = -p*z. What is the remainder when 211 is divided by z?
49
Let g = 29 - 24. Suppose -3*s - 2*j = -46, 2*s - g*j = s + 21. Let h = s + -7. What is the remainder when 29 is divided by h?
2
Let s(f) = 12*f - 9. Suppose 3*x - 525 = -10*n, -3*n + 69 = -2*x - 103. What is the remainder when s(7) is divided by n?
21
Let f be (-77)/14*(-16)/44. Suppose -2*l + 3*m + 14 = -133, 0 = -f*l - 5*m + 107. Calculate the remainder when l is divided by 25.
16
Let o(d) = -132*d**3 + d**2 + 2*d + 1. Suppose -5*p - 2*b = -68 + 73, 1 = -p - 3*b. What is the remainder when o(p) is divided by 21?
6
Let s = -1078 - -1514. Let i = s - 306. Calculate the remainder when i is divided by 19.
16
Suppose -2526 - 6650 = -62*x. What is the remainder when x is divided by 102?
46
Let s(d) = 28*d - 321. Let l be s(12). Let m(g) = g**3 - 16*g**2 + 19*g - 17. What is the remainder when 212 is divided by m(l)?
40
Suppose 0 = 4*v + 5*h - 3679, -3*h = 39*v - 40*v + 907. What is the remainder when v is divided by 115?
111
Let t(c) = -2*c**3 + 60*c**2 - 59*c + 92. Calculate the remainder when 79 is divided by t(29).
16
Let k(x) = -14*x - 268. Let g be k(0). Let h = g - -285. Calculate the remainder when 48 is divided by h.
14
Suppose -12*u - 40*u = -1040. Let n(m) = 9*m - 2. Let i be n(-6). Let p = -19 - i. Calculate the remainder when p is divided by u.
17
Suppose -14*b + 151 = 25. Let c(o) = 58*o - 35. Calculate the remainder when c(b) is divided by 70.
67
Suppose 0*x = -x, -2*r + 352 = -2*x. Suppose 4*p - r = g, 2*p - 18*g - 94 = -16*g. Calculate the remainder when 53 is divided by p.
10
Suppose d - 10 = -c - 4, 2*c - 24 = -5*d. Suppose 0 = -5*n + c*n + 7*n. Suppose n = 9*j + 144 - 738. Calculate the remainder when j is divided by 23.
20
Suppose -4260 = -5*j - 5*x, -3*x = -50*j + 51*j - 858. Calculate the remainder when j is divided by 423.
3
Let f = 202 + -182. What is the remainder when 6 + -2 + 5/((-15)/(-156)) is divided by f?
16
Suppose h + 11*h = 936. Suppose -n + 14 + 34 = x, 4*n + h = 2*x. What is the remainder when 130 is divided by x?
40
Suppose -91 = h - 88, h - 877 = -5*z. Calculate the remainder when z is divided by 56.
8
Let i(d) = -d**2 - 2*d - 2. Let c be i(-2). What is the remainder when (0 - -2)/(c/(-83)) is divided by (-30 - (4 + -27)) + (-1 - -25)?
15
Suppose -56*m - 17866 = -3542 - 161044. What is the remainder when m is divided by 43?
40
Let q = 456 - 449. Suppose -2*u + v + 35 = 0, -5*u - 3*v + 91 = -2*v. Calculate the remainder when u is divided by q.
4
Suppose 21 = 3*y - 18. Let f be (-304)/(-14) - y/(455/(-10)). Let x = f - 7. What is the remainder when 72 is divided by x?
12
Let c = -148 - -148. What is the remainder when (c + (-6)/12)*(0 - 254) is divided by 17?
8
Suppose 3*b + q = 58376, 4*b - 7315 - 70511 = 3*q. What is the remainder when b is divided by 10?
8
Let c = -16608 + 17222. What is the remainder when 1251 is divided by c?
23
Let q = -137 - -185. Let g = 566 + -547. Calculate the remainder when q is divided by g.
10
Let j(q) = -q**2 + 2*q + 34. Let p be j(-5). What is the remainder when 32 is divided by p/(188/48 - 4)?
8
Suppose 3*v = -c + 203, -c = 4*v + 2*c - 269. Let l = v - 20. Calculate the remainder when l is divided by 7.
6
Let l = -11488 - -13106. What is the remainder when l is divided by 12?
10
Suppose -164*k = -186*k + 132. Suppose 21 = 3*n + 18. What is the remainder when k is divided by n?
0
Let y = -78 + 285. What is the remainder when y is divided by (-2)/11 - 13500/1375 - -40?
27
Suppose 4*l - 44 = -0*o + 3*o, -4*l - 5*o = -44. Let j(d) = l*d - 18*d**3 + 6*d**2 - 13*d - 4 + 19*d**3 - 1. Calculate the remainder when j(-6) is divided by 2.
1
Suppose 3*w - 3*a - 26577 = 0, -8880 = 2001*w - 2002*w + 4*a. What is the remainder when w is divided by 253?
250
Suppose 19*l + 75 = -39. Let g(p) = -29*p 